{"id":438,"date":"2023-03-20T11:54:20","date_gmt":"2023-03-20T10:54:20","guid":{"rendered":"https:\/\/zmook.sk\/rolunk\/hisztoria\/"},"modified":"2024-02-23T10:20:55","modified_gmt":"2024-02-23T09:20:55","slug":"hisztoria","status":"publish","type":"page","link":"https:\/\/zmook.sk\/hu\/rolunk\/hisztoria\/","title":{"rendered":"Hiszt\u00f3ria"},"content":{"rendered":"\n<p><strong>2014. okt\u00f3ber 2.<\/strong> &#8211; Alap\u00edt\u00f3 okirat<\/p>\n\n<p>Az alap\u00edt\u00f3 31 tagv\u00e1ros \u00e9s \u00f6nkorm\u00e1nyzat volt: Bajcs, B\u00e1torkeszi, Bogya, Bogyar\u00e9t, Szilas, Megyercs, Csics\u00f3, Ifj\u00fas\u00e1gfalva, Gell\u00e9r, \u00d3gyalla, \u00cdmely, Izsa, Keszegfalva, Kol\u00f3zsn\u00e9ma, G\u00fata, Kom\u00e1rom, Karva, Zseml\u00e9kes, Marcelh\u00e1za, Martos, Dunamocs, Madar, \u00dajpuszta, Naszvad, Ekel, Pat, Perbete, Dunaradv\u00e1ny, Lakszak\u00e1llas, Szentp\u00e9ter, F\u00fcss, Nagykeszi, V\u00e1gf\u00fczes, Nemes\u00f3csa<\/p>\n\n<p><strong>2019-ben<\/strong> Virt k\u00f6zs\u00e9g kil\u00e9pett<\/p>\n\n<p><strong>2020-ban<\/strong> B\u00e1torkeszi k\u00f6zs\u00e9g kil\u00e9pett<\/p>\n\n<p><strong>2021-ben<\/strong> a k\u00f6vetkez\u0151 k\u00f6zs\u00e9gek csatlakoztak: \u00dajpuszta, Dunaradv\u00e1ny, \u00dajgyalla, V\u00e1gf\u00fczes, B\u00facs, Dunamocs<\/p>\n\n<p><strong>2024-ben<\/strong> ezek a k\u00f6zs\u00e9gek csatlakoztak: B\u00e1torkeszi, Het\u00e9ny, Szilash\u00e1za, Tany, Virt, Csall\u00f3k\u00f6zaranyos<\/p>\n\n<p><strong>2024-t\u0151l<\/strong> a j\u00e1r\u00e1s minden v\u00e1rosa \u00e9s k\u00f6zs\u00e9ge a t\u00e1rsul\u00e1s tagj\u00e1v\u00e1 v\u00e1lt.<\/p>\n\n<hr class=\"wp-block-separator has-text-color has-alpha-channel-opacity has-background is-style-default\" style=\"background-color:#f6f6f6;color:#f6f6f6\"\/>\n\n<div style=\"height:10px\" aria-hidden=\"true\" class=\"wp-block-spacer\"><\/div>\n\n<p>Az egyes\u00fclet nev\u00e9ben az egyes\u00fclet eln\u00f6ke jogosult elj\u00e1rni.<\/p>\n\n<p><strong>Az egyes\u00fclet eln\u00f6ke:<\/strong><\/p>\n\n<p>Mgr. B\u00e9la Keszegh 2019.02.21-t\u0151l <\/p>\n\n<p><strong>Kor\u00e1bbi eln\u00f6k\u00f6k:<\/strong><\/p>\n\n<p>MUDr. Anton Marek 2014.11.06-t\u00f3l 2015.12.07-ig <\/p>\n\n<p>Ing. L\u00e1szl\u00f3 Stubendek 2015.21.07-t\u0151l 2019.02.21-ig<\/p>\n","protected":false},"excerpt":{"rendered":"<p>2014. okt\u00f3ber 2. &#8211; Alap\u00edt\u00f3 okirat Az alap\u00edt\u00f3 31 tagv\u00e1ros \u00e9s \u00f6nkorm\u00e1nyzat volt: Bajcs, B\u00e1torkeszi, Bogya, Bogyar\u00e9t, Szilas, Megyercs, Csics\u00f3, Ifj\u00fas\u00e1gfalva, Gell\u00e9r, \u00d3gyalla, \u00cdmely, Izsa, Keszegfalva, Kol\u00f3zsn\u00e9ma, G\u00fata, Kom\u00e1rom, Karva, Zseml\u00e9kes, Marcelh\u00e1za, Martos, Dunamocs, Madar, \u00dajpuszta, Naszvad, Ekel, Pat, Perbete, Dunaradv\u00e1ny, Lakszak\u00e1llas, Szentp\u00e9ter, F\u00fcss, Nagykeszi, V\u00e1gf\u00fczes, Nemes\u00f3csa 2019-ben Virt k\u00f6zs\u00e9g kil\u00e9pett 2020-ban B\u00e1torkeszi k\u00f6zs\u00e9g kil\u00e9pett [&hellip;]<\/p>\n","protected":false},"author":1,"featured_media":321,"parent":384,"menu_order":0,"comment_status":"closed","ping_status":"closed","template":"","meta":{"footnotes":""},"class_list":["post-438","page","type-page","status-publish","has-post-thumbnail","hentry"],"_links":{"self":[{"href":"https:\/\/zmook.sk\/hu\/wp-json\/wp\/v2\/pages\/438","targetHints":{"allow":["GET"]}}],"collection":[{"href":"https:\/\/zmook.sk\/hu\/wp-json\/wp\/v2\/pages"}],"about":[{"href":"https:\/\/zmook.sk\/hu\/wp-json\/wp\/v2\/types\/page"}],"author":[{"embeddable":true,"href":"https:\/\/zmook.sk\/hu\/wp-json\/wp\/v2\/users\/1"}],"replies":[{"embeddable":true,"href":"https:\/\/zmook.sk\/hu\/wp-json\/wp\/v2\/comments?post=438"}],"version-history":[{"count":2,"href":"https:\/\/zmook.sk\/hu\/wp-json\/wp\/v2\/pages\/438\/revisions"}],"predecessor-version":[{"id":836,"href":"https:\/\/zmook.sk\/hu\/wp-json\/wp\/v2\/pages\/438\/revisions\/836"}],"up":[{"embeddable":true,"href":"https:\/\/zmook.sk\/hu\/wp-json\/wp\/v2\/pages\/384"}],"wp:featuredmedia":[{"embeddable":true,"href":"https:\/\/zmook.sk\/hu\/wp-json\/wp\/v2\/media\/321"}],"wp:attachment":[{"href":"https:\/\/zmook.sk\/hu\/wp-json\/wp\/v2\/media?parent=438"}],"curies":[{"name":"wp","href":"https:\/\/api.w.org\/{rel}","templated":true}]}}

Hisztória

<p><strong>2014. október 2.</strong> &#8211; Alapító okirat</p>

<p>Az alapító 31 tagváros és önkormányzat volt: Bajcs, Bátorkeszi, Bogya, Bogyarét, Szilas, Megyercs, Csicsó, Ifjúságfalva, Gellér, Ógyalla, Ímely, Izsa, Keszegfalva, Kolózsnéma, Gúta, Komárom, Karva, Zsemlékes, Marcelháza, Martos, Dunamocs, Madar, Újpuszta, Naszvad, Ekel, Pat, Perbete, Dunaradvány, Lakszakállas, Szentpéter, Füss, Nagykeszi, Vágfüzes, Nemesócsa</p>

<p><strong>2019-ben</strong> Virt község kilépett</p>

<p><strong>2020-ban</strong> Bátorkeszi község kilépett</p>

<p><strong>2021-ben</strong> a következő községek csatlakoztak: Újpuszta, Dunaradvány, Újgyalla, Vágfüzes, Búcs, Dunamocs</p>

<p><strong>2024-ben</strong> ezek a községek csatlakoztak: Bátorkeszi, Hetény, Szilasháza, Tany, Virt, Csallóközaranyos</p>

<p><strong>2024-től</strong> a járás minden városa és községe a társulás tagjává vált.</p>

<hr class="wp-block-separator has-text-color has-alpha-channel-opacity has-background is-style-default" style="background-color:#f6f6f6;color:#f6f6f6"/>

<div style="height:10px" aria-hidden="true" class="wp-block-spacer"></div>

<p>Az egyesület nevében az egyesület elnöke jogosult eljárni.</p>

<p><strong>Az egyesület elnöke:</strong></p>

<p>Mgr. Béla Keszegh 2019.02.21-től </p>

<p><strong>Korábbi elnökök:</strong></p>

<p>MUDr. Anton Marek 2014.11.06-tól 2015.12.07-ig </p>

<p>Ing. László Stubendek 2015.21.07-től 2019.02.21-ig</p>

<p>2014. október 2. &#8211; Alapító okirat Az alapító 31 tagváros és önkormányzat volt: Bajcs, Bátorkeszi, Bogya, Bogyarét, Szilas, Megyercs, Csicsó, Ifjúságfalva, Gellér, Ógyalla, Ímely, Izsa, Keszegfalva, Kolózsnéma, Gúta, Komárom, Karva, Zsemlékes, Marcelháza, Martos, Dunamocs, Madar, Újpuszta, Naszvad, Ekel, Pat, Perbete, Dunaradvány, Lakszakállas, Szentpéter, Füss, Nagykeszi, Vágfüzes, Nemesócsa 2019-ben Virt község kilépett 2020-ban Bátorkeszi község kilépett [&hellip;]</p>
